vert 110101011 (base 2) to base 5.
3202
Convert 503 (base 8) to base 9.
388
What is -30174 (base 10) in base 4?
-13113132
Convert 0 (base 2) to base 9.
0
What is -110202 (base 4) in base 3?
-1210200
-201422 (base 6) to base 4
-3320312
Convert -40030 (base 5) to base 11.
-1987
What is -3757 (base 14) in base 12?
-5729
What is 9a7 (base 12) in base 13?
856
-a2 (base 15) to base 5
-1102
-2521 (base 7) to base 6
-4214
Convert -197 (base 13) to base 14.
-16d
What is 305031 (base 6) in base 15?
7387
-1000001011110000 (base 2) to base 4
-20023300
Convert 333512 (base 6) to base 16.
6d94
Convert 1499 (base 14) to base 4.
321033
13013 (base 4) to base 9
555
Convert 100000000 (base 2) to base 9.
314
40330 (base 5) to base 9
3487
What is -63 (base 11) in base 9?
-76
What is 100001100 (base 2) in base 15?
12d
Convert -2202320 (base 4) to base 16.
-28b8
Convert -2644 (base 12) to base 10.
-4372
24310 (base 8) to base 12
6060
Convert 2e7e (base 15) to base 6.
114215
Convert -131301 (base 5) to base 16.
-1451
Convert 1b53 (base 14) to base 12.
2a65
What is 2111020 (base 4) in base 3?
111002111
What is 3533 (base 6) in base 10?
849
Convert 2267 (base 11) to base 15.
d37
724 (base 15) to base 16
649
-1000000110001 (base 2) to base 14
-1721
What is 994 (base 10) in base 9?
1324
What is 111111100 (base 3) in base 2?
10011001101101
What is 231 (base 4) in base 12?
39
618 (base 16) to base 5
22220
Convert 2b8 (base 16) to base 13.
417
What is 79 (base 13) in base 11?
91
What is -104 (base 6) in base 5?
-130
Convert -33277 (base 9) to base 10.
-22102
Convert 10011000000 (base 2) to base 12.
854
-122301 (base 4) to base 7
-4665
What is -1220120001 (base 3) in base 11?
-26269
-111362 (base 7) to base 14
-72a2
164531 (base 8) to base 14
17aad
Convert -151 (base 8) to base 3.
-10220
314 (base 10) to base 14
186
-1052441 (base 6) to base 7
-312445
-1102100 (base 4) to base 11
-3a56
1b650 (base 14) to base 7
410430
734 (base 11) to base 5
12014
-1535 (base 12) to base 7
-10154
What is 14303 (base 6) in base 4?
203133
-1524a (base 11) to base 4
-11101120
What is 34255 (base 6) in base 9?
6588
30a (base 12) to base 15
1e7
Convert -19b4 (base 12) to base 5.
-100120
Convert 1022020 (base 3) to base 10.
951
-8a (base 12) to base 14
-78
-95b (base 14) to base 15
-830
Convert 16626 (base 7) to base 14.
1a4d
-10110001111 (base 2) to base 14
-739
Convert 466 (base 7) to base 9.
301
What is -5090 (base 12) in base 15?
-28d3
What is -7027 (base 8) in base 16?
-e17
Convert -542 (base 9) to base 4.
-12323
What is 12420 (base 7) in base 6?
23133
What is 1aa1 (base 12) in base 16?
cd9
Convert -45a (base 14) to base 5.
-11424
What is 1745 (base 8) in base 15?
467
What is -1413 (base 9) in base 15?
-4b0
Convert -22605 (base 7) to base 8.
-13233
-121002 (base 7) to base 2
-101010111000010
What is 33457 (base 11) in base 6?
1012210
What is -30156 (base 7) in base 4?
-1301331
Convert 24c (base 15) to base 9.
640
1a706 (base 15) to base 13
30180
Convert 320 (base 8) to base 10.
208
What is 10000100010 (base 2) in base 15?
4a8
What is -47073 (base 8) in base 3?
-1000110202
-351 (base 8) to base 14
-129
-12320 (base 4) to base 5
-3230
-1000100101 (base 2) to base 3
-202100
22345 (base 6) to base 3
11100002
Convert -125a0 (base 12) to base 13.
-b517
-1cd (base 14) to base 10
-377
-522 (base 10) to base 3
-201100
What is -a70 (base 12) in base 16?
-5f4
-34182 (base 10) to base 15
-a1dc
-1130000 (base 4) to base 5
-142023
What is -33202 (base 5) in base 3?
-10011021
What is 355112 (base 6) in base 8?
74324
-b849 (base 13) to base 2
-110001111101100
What is 1101000110011101 (base 2) in base 13?
1b56a
What is 543 (base 9) in base 12?
310
What is -164 (base 7) in base 6?
-235
Convert 12058 (base 9) to base 10.
8072
What is -433 (base 15) in base 5?
-12243
What is 12501 (base 7) in base 11?
2560
What is 10455 (base 6) in base 9?
2018
What is -10112021111 (base 3) in base 5?
-4210312
Convert 13113 (base 8) to base 16.
164b
Convert 721 (base 8) to base 12.
329
1a6 (base 11) to base 9
283
Convert -202 (base 9) to base 10.
-164
What is 7716 (base 16) in base 3?
1112211010
bb22 (base 12) to base 6
235242
10a5 (base 13) to base 10
2332
What is 763c (base 13) in base 16?
403c
-111623 (base 7) to base 11
-13a17
-80872 (base 9) to base 5
-3200301
What is a19 (base 13) in base 8?
3260
101010112 (base 3) to base 13
3491
Convert -69 (base 15) to base 8.
-143
What is 20030 (base 7) in base 5?
123243
-12022103 (base 4) to base 12
-1272b
6b98 (base 12) to base 4
2330210
What is -1222 (base 13) in base 14?
-d11
What is -3412 (base 8) in base 11?
-1399
What is -45226 (base 11) in base 15?
-1460e
-2635 (base 7) to base 10
-1006
Convert 70a (base 13) to base 7.
3323
21011 (base 4) to base 16
245
Convert -1376d (base 15) to base 14.
-18a72
Convert -4132 (base 12) to base 13.
-32c9
Convert -120a2 (base 14) to base 16.
-ac0e
Convert 425 (base 10) to base 7.
1145
What is 5d26 (base 14) in base 7?
65346
Convert 376 (base 16) to base 8.
1566
13103 (base 4) to base 2
111010011
-97 (base 15) to base 11
-11a
Convert b59 (base 14) to base 2.
100010111011
Convert -16a5 (base 13) to base 9.
-4527
Convert -4026 (base 7) to base 12.
-980
Convert -14809 (base 10) to base 3.
-202022111
Convert -3115 (base 16) to base 5.
-400230
What is bc9 (base 14) in base 12?
1425
What is 10110001 (base 2) in base 13?
108
-22222012 (base 3) to base 6
-50135
Convert -11210 (base 4) to base 12.
-258
What is -1141 (base 9) in base 7?
-2320
-20b (base 13) to base 7
-1006
1700 (base 9) to base 14
688
What is 50a (base 15) in base 11?
942
Convert 416 (base 10) to base 6.
1532
Convert 655 (base 12) to base 10.
929
What is -21020211 (base 3) in base 12?
-3087
What is -463a (base 16) in base 9?
-26585
What is -64772 (base 8) in base 3?
-1101012211
What is -122034 (base 5) in base 9?
-6330
Convert 1243 (base 5) to base 8.
306
Convert 111 (base 14) to base 6.
551
364 (base 11) to base 13
274
Convert -1232 (base 6) to base 11.
-260
What is 31410 (base 5) in base 11?
1644
823 (base 11) to base 14
50d
Convert 1a08 (base 13) to base 15.
124a
What is 0 (base 11) in base 4?
0
Convert -3d7 (base 15) to base 4.
-31231
Convert 248 (base 12) to base 4.
11120
Convert -10010100001011111 (base 2) to base 6.
-1343131
What is 21161 (base 7) in base 3?
21011222
-303041 (base 6) to base 5
-1232001
What is -f9b (base 16) in base 11?
-3002
What is -40003 (base 9) in base 6?
-321303
What is -40 (base 7) in base 3?
-1001
Convert -35204 (base 6) to base 16.
-13b4
Convert -250 (base 11) to base 3.
-102000
What is 913 (base 10) in base 13?
553
What is a6c (base 16) in base 4?
221230
Convert 3023 (base 9) to base 11.
1728
Convert -583 (base 11) to base 16.
-2b8
What is -22227 (base 9) in base 6?
-152211
-16056 (base 7) to base 15
-1500
6ab9 (base 14) to base 3
221111102
What is 531 (base 14) in base 9?
1356
-122101210 (base 3) to base 9
-18353
Convert -41872 (base 11) to base 4.
-32320032
Convert -164642 (base 7) to base 14.
-bdc9
What is -3103 (base 5) in base 14?
-20b
Convert 46163 (base 9) to base 2.
111100000100100
What is -115 (base 11) in base 16?
-89
What is 74 (base 15) in base 7?
214
-327 (base 12) to base 2
-111001111
111000000 (base 2) to base 7
1210
2468 (base 11) to base 16
c94
336 (base 7) to base 10
174
Convert 66146 (base 7) to base 13.
76bb
121530 (base 7) to base 5
1202333
What is -10001100010010101 (base 2) in base 5?
-4244304
Convert -7713 (base 8) to base 11.
-3046
What is -11110111100100 (base 2) in base 6?
-201204
-1114 (base 10) to base 16
-45a
Convert 2210 (base 6) to base 7.
1326
166c (base 14) to base 7
14465
2 (base 14) to base 12
2
Convert 30032 (base 5) to base 6.
12432
What is -1133010 (base 4) in base 16?
-17c4
Convert 17b (base 15) to base 6.
1325
3377a (base 12) to base 8
205616
Convert -16e72 (base 15) to base 3.
-10202200122
Convert -735 (base 8) to base 11.
-3a4
Convert 11103 (base 4) to base 8.
523
What is -819e (base 16) in base 13?
-12146
Convert -743 (base 8) to base 14.
-267
-4434 (base 7) to base 8
-3071
What is 12103 (base 5) in base 16?
387
-1010010001 (base 2) to base 13
-3b7
What is -655 (base 10) in base 14?
-34b
Convert -1410441 (base 5) to base 11.
-1a767
-33022220 (base 4) to base 11
-42743
122442 (base 7) to base 4
11133321
-121